{"id":3162,"date":"2025-07-12T15:51:27","date_gmt":"2025-07-12T12:51:27","guid":{"rendered":"https:\/\/tmcrea.fi\/mrsweet\/?post_type=product&#038;p=3162"},"modified":"2025-07-19T03:03:13","modified_gmt":"2025-07-19T00:03:13","slug":"birds-nest","status":"publish","type":"product","link":"https:\/\/tmcrea.fi\/mrsweet\/tuote\/birds-nest\/","title":{"rendered":"Birds Nest\/Kg"},"content":{"rendered":"<div class=\"product_desc-row\">\n<div class=\"product_desc-img\"><a href=\"https:\/\/tmcrea.fi\/mrsweet\/wp-content\/uploads\/2025\/07\/Linnunpesa.jpg\"><img fetchpriority=\"high\" decoding=\"async\" class=\"alignnone wp-image-3551 size-full\" src=\"https:\/\/tmcrea.fi\/mrsweet\/wp-content\/uploads\/2025\/07\/Linnunpesa.jpg\" alt=\"\" width=\"600\" height=\"600\" \/><\/a><\/div>\n<div class=\"product_desc-desc\">\n<h3>Ainekset:<\/h3>\n<p>vehn\u00e4jauho, pistaasip\u00e4hkin\u00e4, sokeri, sitruuna, \u00f6ljy, suola, maitojauhe.<\/p>\n<h3>Ingredienser:<\/h3>\n<p>Vetemj\u00f6l, pistaschn\u00f6t, socker, citron, olja, salt, mj\u00f6lkpulver.<\/p>\n<\/div>\n<\/div>\n","protected":false},"excerpt":{"rendered":"<p>Kilohinta<\/p>\n<h3>Ainekset:<\/h3>\n<p>vehn\u00e4jauho, pistaasip\u00e4hkin\u00e4, sokeri, sitruuna, \u00f6ljy, suola, maitojauhe.<\/p>\n<h3>Ingredienser:<\/h3>\n<p>Vetemj\u00f6l, pistaschn\u00f6t, socker, citron, olja, salt, mj\u00f6lkpulver.<\/p>\n","protected":false},"featured_media":3551,"template":"","meta":[],"product_brand":[],"product_cat":[56],"product_tag":[73,60],"class_list":{"0":"post-3162","1":"product","2":"type-product","3":"status-publish","4":"has-post-thumbnail","6":"product_cat-muut","7":"product_tag-birds-nest","8":"product_tag-pistaasi","10":"first","11":"instock","12":"shipping-taxable","13":"purchasable","14":"product-type-simple"},"_links":{"self":[{"href":"https:\/\/tmcrea.fi\/mrsweet\/wp-json\/wp\/v2\/product\/3162","targetHints":{"allow":["GET"]}}],"collection":[{"href":"https:\/\/tmcrea.fi\/mrsweet\/wp-json\/wp\/v2\/product"}],"about":[{"href":"https:\/\/tmcrea.fi\/mrsweet\/wp-json\/wp\/v2\/types\/product"}],"wp:featuredmedia":[{"embeddable":true,"href":"https:\/\/tmcrea.fi\/mrsweet\/wp-json\/wp\/v2\/media\/3551"}],"wp:attachment":[{"href":"https:\/\/tmcrea.fi\/mrsweet\/wp-json\/wp\/v2\/media?parent=3162"}],"wp:term":[{"taxonomy":"product_brand","embeddable":true,"href":"https:\/\/tmcrea.fi\/mrsweet\/wp-json\/wp\/v2\/product_brand?post=3162"},{"taxonomy":"product_cat","embeddable":true,"href":"https:\/\/tmcrea.fi\/mrsweet\/wp-json\/wp\/v2\/product_cat?post=3162"},{"taxonomy":"product_tag","embeddable":true,"href":"https:\/\/tmcrea.fi\/mrsweet\/wp-json\/wp\/v2\/product_tag?post=3162"}],"curies":[{"name":"wp","href":"https:\/\/api.w.org\/{rel}","templated":true}]}}