{"id":3174,"date":"2025-07-12T15:51:28","date_gmt":"2025-07-12T12:51:28","guid":{"rendered":"https:\/\/tmcrea.fi\/mrsweet\/?post_type=product&#038;p=3174"},"modified":"2025-07-19T03:09:14","modified_gmt":"2025-07-19T00:09:14","slug":"faisaliat-pistaasi","status":"publish","type":"product","link":"https:\/\/tmcrea.fi\/mrsweet\/tuote\/faisaliat-pistaasi\/","title":{"rendered":"Faisaliat &#8211; Pistaasi\/kg"},"content":{"rendered":"<div class=\"product_desc-row\">\n<div class=\"product_desc-img\"><a href=\"https:\/\/tmcrea.fi\/mrsweet\/wp-content\/uploads\/2025\/07\/faisaliat-pistaasi.jpg\"><img fetchpriority=\"high\" decoding=\"async\" class=\"alignnone wp-image-3546 size-full\" src=\"https:\/\/tmcrea.fi\/mrsweet\/wp-content\/uploads\/2025\/07\/faisaliat-pistaasi.jpg\" alt=\"\" width=\"600\" height=\"600\" \/><\/a><\/div>\n<div class=\"product_desc-desc\">\n<h3>Ainekset:<\/h3>\n<p>vehn\u00e4jauho, pistaasip\u00e4hkin\u00e4, sokeri, sitruuna, \u00f6ljy, suola, maitojauhe.<\/p>\n<h3>Ingredienser:<\/h3>\n<p>Vetemj\u00f6l, pistaschn\u00f6t, socker, citron, olja, salt, mj\u00f6lkpulver.<\/p>\n<\/div>\n<\/div>\n","protected":false},"excerpt":{"rendered":"<p>Kilohinta<\/p>\n<h3>Ainekset:<\/h3>\n<p>vehn\u00e4jauho, pistaasip\u00e4hkin\u00e4, sokeri, sitruuna, \u00f6ljy, suola, maitojauhe.<\/p>\n<h3>Ingredienser:<\/h3>\n<p>Vetemj\u00f6l, pistaschn\u00f6t, socker, citron, olja, salt, mj\u00f6lkpulver.<\/p>\n","protected":false},"featured_media":3546,"template":"","meta":[],"product_brand":[],"product_cat":[40],"product_tag":[71,60],"class_list":{"0":"post-3174","1":"product","2":"type-product","3":"status-publish","4":"has-post-thumbnail","6":"product_cat-faisaliat","7":"product_tag-faisaliat","8":"product_tag-pistaasi","10":"first","11":"instock","12":"shipping-taxable","13":"purchasable","14":"product-type-simple"},"_links":{"self":[{"href":"https:\/\/tmcrea.fi\/mrsweet\/wp-json\/wp\/v2\/product\/3174","targetHints":{"allow":["GET"]}}],"collection":[{"href":"https:\/\/tmcrea.fi\/mrsweet\/wp-json\/wp\/v2\/product"}],"about":[{"href":"https:\/\/tmcrea.fi\/mrsweet\/wp-json\/wp\/v2\/types\/product"}],"wp:featuredmedia":[{"embeddable":true,"href":"https:\/\/tmcrea.fi\/mrsweet\/wp-json\/wp\/v2\/media\/3546"}],"wp:attachment":[{"href":"https:\/\/tmcrea.fi\/mrsweet\/wp-json\/wp\/v2\/media?parent=3174"}],"wp:term":[{"taxonomy":"product_brand","embeddable":true,"href":"https:\/\/tmcrea.fi\/mrsweet\/wp-json\/wp\/v2\/product_brand?post=3174"},{"taxonomy":"product_cat","embeddable":true,"href":"https:\/\/tmcrea.fi\/mrsweet\/wp-json\/wp\/v2\/product_cat?post=3174"},{"taxonomy":"product_tag","embeddable":true,"href":"https:\/\/tmcrea.fi\/mrsweet\/wp-json\/wp\/v2\/product_tag?post=3174"}],"curies":[{"name":"wp","href":"https:\/\/api.w.org\/{rel}","templated":true}]}}